
26
What is the greatest common factor of 1850 and 4?
2
What is the highest common divisor of 216 and 594?
54
Calculate the highest common factor of 437 and 57.
19
What is the highest common divisor of 86 and 27176?
86
What is the highest common divisor of 37672 and 17?
17
What is the greatest common divisor of 777 and 399?
21
Calculate the highest common divisor of 216 and 486.
54
Calculate the highest common divisor of 1515 and 105.
15
What is the highest common divisor of 19533 and 51?
51
Calculate the highest common divisor of 309 and 33.
3
Calculate the greatest common factor of 140 and 60.
20
Calculate the greatest common factor of 3993 and 66.
33
What is the highest common factor of 81 and 6?
3
Calculate the highest common factor of 683 and 1.
1
What is the highest common factor of 2173 and 159?
53
Calculate the greatest common divisor of 1800 and 12.
12
What is the greatest common factor of 765 and 4743?
153
Calculate the greatest common divisor of 15 and 365.
5
What is the greatest common divisor of 60 and 324?
12
What is the highest common factor of 24 and 1384?
8
What is the greatest common factor of 104 and 12584?
104
What is the highest common factor of 198 and 276?
6
Calculate the greatest common factor of 21 and 2513.
7
Calculate the highest common divisor of 33 and 24189.
33
Calculate the highest common factor of 520 and 50.
10
Calculate the highest common factor of 147 and 567.
21
What is the highest common factor of 17 and 289?
17
Calculate the highest common divisor of 26 and 52637.
13
What is the greatest common factor of 5210 and 20?
10
Calculate the highest common divisor of 391 and 255.
17
Calculate the greatest common factor of 23 and 1403.
23
Calculate the greatest common factor of 140 and 168.
28
What is the highest common divisor of 987 and 21?
21
Calculate the highest common factor of 136 and 646.
34
Calculate the greatest common factor of 13981 and 11.
11
Calculate the highest common divisor of 36 and 918.
18
What is the greatest common factor of 90 and 144?
18
Calculate the highest common factor of 12 and 11.
1
Calculate the greatest common divisor of 87 and 1479.
87
What is the highest common factor of 1300 and 169?
13
Calculate the highest common factor of 357 and 399.
21
What is the greatest common divisor of 18 and 1062?
18
Calculate the highest common factor of 61 and 2.
1
What is the highest common factor of 8 and 180?
4
Calculate the highest common divisor of 4223 and 41.
41
What is the greatest common divisor of 22 and 1318?
2
What is the highest common divisor of 34 and 2482?
34
Calculate the highest common divisor of 9 and 25227.
9
What is the greatest common factor of 20 and 1290?
10
What is the highest common factor of 267 and 192?
3
What is the highest common factor of 144 and 2896?
16
Calculate the greatest common factor of 1 and 42.
1
What is the greatest common factor of 33 and 1221?
33
Calculate the greatest common divisor of 40 and 1135.
5
What is the greatest common factor of 56 and 224?
56
What is the highest common divisor of 75 and 615?
15
What is the highest common factor of 15 and 12315?
15
What is the greatest common factor of 28795 and 13?
13
What is the greatest common divisor of 17 and 1343?
17
Calculate the highest common divisor of 492 and 24.
12
Calculate the greatest common divisor of 2800 and 224.
112
What is the greatest common divisor of 130 and 31330?
130
Calculate the highest common divisor of 28 and 756.
28
What is the greatest common divisor of 156 and 1300?
52
What is the highest common factor of 27 and 3?
3
Calculate the highest common divisor of 73 and 17593.
73
What is the highest common factor of 48 and 144?
48
What is the highest common divisor of 183 and 122?
61
What is the highest common divisor of 85 and 3485?
85
What is the highest common divisor of 29532 and 321?
321
What is the highest common factor of 66 and 154?
22
What is the highest common divisor of 11703 and 141?
141
Calculate the highest common divisor of 2800 and 49.
7
Calculate the highest common divisor of 98 and 28.
14
What is the greatest common factor of 128 and 64?
64
Calculate the highest common divisor of 9 and 69.
3
Calculate the highest common factor of 469 and 67.
67
What is the greatest common divisor of 207 and 9?
9
Calculate the highest common divisor of 3 and 96.
3
What is the highest common factor of 26 and 273?
13
Calculate the highest common divisor of 20 and 185.
5
What is the highest common factor of 30639 and 21?
21
Calculate the greatest common factor of 208 and 1053.
13
What is the highest common divisor of 14 and 168?
14
What is the highest common factor of 184 and 10189?
23
Calculate the greatest common divisor of 3267 and 6.
3
Calculate the highest common divisor of 7532 and 252.
28
Calculate the highest common factor of 429 and 66.
33
What is the greatest common divisor of 864 and 27?
27
Calculate the highest common divisor of 867 and 102.
51
What is the greatest common divisor of 102 and 68?
34
Calculate the greatest common divisor of 124 and 10106.
62
What is the highest common divisor of 19 and 779?
19
Calculate the highest common factor of 225 and 8325.
225
Calculate the highest common divisor of 41 and 369.
41
Calculate the greatest common divisor of 11532 and 31.
31
What is the highest common divisor of 328 and 41?
41
Calculate the highest common factor of 121 and 11979.
121
Calculate the greatest common divisor of 128 and 160.
32
What is the greatest common divisor of 161 and 35?
7
Calculate the greatest common divisor of 6 and 2958.
6
Calculate the greatest common divisor of 59 and 295.
59
What is the greatest common factor of 8428 and 688?
172
What is the greatest common divisor of 110 and 15?
5
What is the highest common factor of 195 and 2?
1
Calculate the greatest common divisor of 2014 and 106.
106
Calculate the highest common factor of 665 and 1596.
133
Calculate the greatest common divisor of 1016 and 144.
8
What is the greatest common factor of 78 and 4212?
78
What is the highest common factor of 87 and 406?
29
What is the highest common divisor of 35 and 34685?
35
Calculate the highest common factor of 7047 and 58.
29
Calculate the greatest common factor of 372 and 3844.
124
What is the highest common factor of 670 and 10?
10
Calculate the greatest common divisor of 16 and 38.
2
Calculate the highest common divisor of 42708 and 4.
4
What is the greatest common factor of 9 and 72?
9
Calculate the greatest common factor of 440 and 80.
40
What is the highest common divisor of 169 and 221?
13
What is the greatest common divisor of 7 and 41?
1
What is the highest common divisor of 45 and 180?
45
What is the highest common factor of 135 and 9?
9
Calculate the highest common divisor of 2718 and 270.
18
What is the greatest common factor of 812 and 29?
29
Calculate the greatest common factor of 182 and 70.
14
Calculate the highest common divisor of 1380 and 48.
12
Calculate the highest common divisor of 10 and 3928.
2
What is the highest common divisor of 377 and 26?
13
What is the greatest common factor of 261 and 957?
87
What is the greatest common factor of 66 and 7?
1
What is the greatest common divisor of 69 and 13179?
69
What is the greatest common divisor of 525 and 375?
75
Calculate the highest common factor of 20 and 260.
20
What is the highest common divisor of 60 and 480?
60
Calculate the greatest common factor of 256 and 320.
64
Calculate the highest common factor of 171 and 3078.
171
What is the greatest common factor of 5590 and 130?
130
Calculate the greatest common divisor of 140 and 25.
5
What is the greatest common factor of 210 and 840?
210
What is the greatest common factor of 69 and 621?
69
What is the highest common factor of 6532 and 276?
92
Calculate the highest common factor of 12 and 16.
4
What is the highest common divisor of 145 and 2610?
145
Calculate the highest common factor of 4410 and 225.
45
Calculate the greatest common factor of 2532 and 12.
12
Calculate the greatest common divisor of 7 and 21.
7
Calculate the highest common divisor of 94 and 45449.
47
Calculate the greatest common factor of 240 and 15.
15
Calculate the highest common divisor of 9880 and 570.
190
Calculate the greatest common divisor of 8 and 44.
4
Calculate the g